 = 10*m - 2. Let z(o) = o. Let k(n) = -l(n) + 5*z(n). Let u be k(-1). What is the units digit of (-4)/(-2) - (-42)/u?
8
Suppose 0 = 12*w - 4*w - 16. Suppose -4*k - 3*y - 15 = 0, -5*k + w*y = 13 - 0. What is the hundreds digit of 170 + k + 2 + 1?
1
Let y(i) = -i**2 - 9*i - 8. Let p be y(-8). Suppose p = -44*b + 49*b - 70. What is the units digit of (0 - -4)*b/8?
7
Suppose -1971 = -b + u, -2*b + b = 2*u - 1965. What is the hundreds digit of b?
9
Suppose -4*w = 4*m - 2020, w + 1022 = 2*m - 3*w. Suppose -i + v = 2*i + m, 5*v = i + 155. What is the units digit of i/(-3)*(-12)/(-8)*2?
0
Let s(f) be the third derivative of f**6/120 + f**5/30 + 11*f**4/24 - 11*f**3/3 - 229*f**2. What is the tens digit of s(10)?
8
Let x be (5 - 6/(-18))*3. Suppose x*w - 8140 - 5188 = 0. What is the hundreds digit of w?
8
Let k = -33 + 51. Let j be 2301/27 - 4/k. Let x = j + 90. What is the units digit of x?
5
Let z be ((-1)/3)/((-1)/6). Suppose 0 = -5*w - 0*i - z*i + 1008, 4*w = -2*i + 806. What is the hundreds digit of w?
2
Suppose -m = m - 34. Suppose -8*g + m = -15. Suppose -387 = -g*u + 4*a + 13, 4*u - 3*a - 403 = 0. What is the tens digit of u?
0
Suppose -5*x - 4*f + 12228 = -6928, 19162 = 5*x + 3*f. What is the hundreds digit of x?
8
Suppose -6 = -z - 2, 0 = -4*x - 4*z - 624. What is the units digit of (-2 + x/(-3))/((-4)/(-30))?
5
Let v = 2035 - 1150. What is the units digit of (-2 - (-13 - -6)) + v?
0
Suppose 0 = 6*k + 98 - 116. Suppose 4*f - k*f - 5 = 0, -742 = -m + f. What is the tens digit of m?
4
Suppose 8637 = 3*g + p, g - 799 - 2069 = -4*p. What is the units digit of g?
0
Let m = 85 + -82. Suppose -2*v = -4*o + 44, -5*o + m*v + 49 = 2*v. Suppose -4*s = -o*s + 235. What is the units digit of s?
7
Let y(t) be the third derivative of -7*t**5/60 - t**4/24 + 1583*t**3/6 + 4*t**2 - 7. What is the hundreds digit of y(0)?
5
Let u = -35 + 42. Let x(j) = -3*j**3 - 2*j**2 + 3*j. Let z be x(-3). Suppose -u*m + 8*m = z. What is the tens digit of m?
5
Suppose -3*u + 34739 = -l - 422, 3*u - 35191 = -5*l. What is the tens digit of u?
2
Suppose 170*v = 163*v + 4550. Let z = v + -264. What is the hundreds digit of z?
3
Let h = 368 + -303. What is the units digit of -2 + 7 - -5*(h + 2)?
0
Let z(l) = 256*l**2 + 41*l - 14. What is the units digit of z(2)?
2
What is the thousands digit of (-70)/175*249345/(-6)?
6
Suppose -4*h = -t + 584, 2*h = -3*t + 1002 + 722. Let b(i) = 15*i - 4. Let l be b(4). What is the tens digit of t/l + 1 - (-2)/(-7)?
1
Let s(t) = -65 - 9*t - 36 + 7 + 1. What is the units digit of s(-16)?
1
Suppose 0 = 6*k + 130 - 238. Let i(z) = -8 + 0*z - 14*z + z**2 - 5. What is the units digit of i(k)?
9
Let k = -58 + 86. Let u = -24 + k. Suppose -a + 73 = u. What is the units digit of a?
9
Let f(d) = -532*d + 1. Let o be f(-1). Let q = o + -118. What is the hundreds digit of q?
4
Suppose -33*z + 73 + 92 = 0. Let d = 8 + -6. What is the units digit of (1/d)/(z/620)?
2
Suppose -11567 = -177*d + 174*d + g, 11570 = 3*d + 2*g. What is the tens digit of d?
5
Let c(q) be the third derivative of -q**5/60 - 5*q**4/24 - 7*q**3/6 + 16*q**2. Let b be c(-4). What is the tens digit of 113 + -4 + 3*2/b?
0
Let d = 67 + -59. What is the tens digit of d/(-20) + 2766/15?
8
Suppose 398 = -9*u - 178. Let y = 112 + u. Let q = -37 + y. What is the tens digit of q?
1
Suppose -11*d + 52700 = 4*i - 15*d, 5*d + 13175 = i. What is the thousands digit of i?
3
Suppose 0 = -10*o - 3852 + 8182. What is the tens digit of o?
3
Suppose -16*a + 32 = 3*d - 11*a, -2*a = -5*d + 12. What is the units digit of (-4)/(-8) + 2394/d + 3?
2
Let c be 10/4*(2324 - -2). Suppose -8*q - c = -13*q. What is the hundreds digit of q?
1
Suppose 11*k = 8*k + 27. Let m be 971/k - (-7)/63. What is the units digit of (-2)/(3/(m/(-8)))?
9
Let v = 5371 + -1263. What is the hundreds digit of v?
1
Suppose -23*k + 84*k - 44652 = 0. Suppose -5*n + 5123 + k = 0. What is the thousands digit of n?
1
Let p = 658 + -658. Suppose -4*g + 2*o = -2558, p*o + 12 = -4*o. What is the units digit of g?
8
Let k(f) = f**3 + 23*f**2 + 22*f + 3. Let h be k(-22). Suppose -16 = -4*l, 5*l = h*g + 4*l - 1130. What is the hundreds digit of g?
3
Let m = -167 + 173. Suppose -1410 = -12*r + m*r. What is the units digit of r?
5
Let a(p) = 3*p**2 - 28*p - 190. Let j be a(-21). What is the tens digit of j + 7/14*-6 + 2?
2
Let m(k) = 130*k**2 + 80*k + 342. What is the hundreds digit of m(-5)?
1
Let n(j) = 39*j**2 - 11*j + 8. Let f be n(5). What is the units digit of ((-10)/80*4)/((-2)/f)?
2
Let x = 18319 - 11182. What is the thousands digit of x?
7
Let k(y) = 17*y**3 + 450*y**2 + 30*y + 26. What is the tens digit of k(-19)?
0
Let j be 1/(24/28610) + (-188)/2256. Let m = j - 759. What is the units digit of m?
3
Let h(z) = z + 27. Let b = 38 + -24. Let c be h(b). Suppose -50 - c = -7*j. What is the units digit of j?
3
What is the tens digit of (1 + (-26)/10)*(-25979 + 34)?
1
Let j be (1/(-10)*4)/((-5)/1475). Suppose 4*r - 3*m - 68 = 51, -j = -4*r + 2*m. What is the units digit of r?
9
Let b(w) = 12*w**2 - 2*w**3 + 6 - 50*w + 99*w - 50*w. Let m be b(6). Suppose 5*o + q = 4*q + 224, m = o + 3*q - 34. What is the tens digit of o?
4
Let l(d) = -1892*d + 2154. What is the thousands digit of l(-49)?
4
Suppose 6*q = 11 + 37. Suppose -q*l + 352 = -7*l. What is the hundreds digit of l?
3
Suppose -q = -4*v + 7192, -v + 1798 = -171*q + 169*q. What is the units digit of v?
8
Let o(m) = 6*m + 5. Suppose -r - 4*w = -0*r + 13, r - 3*w - 8 = 0. Let p be o(r). What is the units digit of (3 - 68)*(0 + -1) + p?
4
Let w be 8/(-6) + (7497/27)/17. Suppose 0 = 11*l - w*l + 112. What is the tens digit of l?
2
Suppose 0 = -2*d - 61 + 85. Suppose -2*g = a - 1320, 2*g - 20 + d = 0. What is the thousands digit of a?
1
Suppose y - 4*s = -12, 2*y - 7 = -4*s + 5. Suppose -4*o + 3*i + 472 = y, 3*o + 4*i - 392 = -13. What is the units digit of o?
1
Let r(l) = -5*l - 36. Let n be r(-8). What is the hundreds digit of (-278 + n)*(-7)/14?
1
Let n = 76 + 56. Suppose 0 = -12*p - 10*p + n. What is the units digit of p?
6
Let x(i) be the first derivative of -19 + 0*i + 29/2*i**2. What is the units digit of x(4)?
6
Let r(u) = 15*u**2 + 7 - 17 - 2*u**3 + 3*u**3 + 13*u. Let p be r(-14). Suppose o - 143 = 5*s - 31, 0 = p*o - 4*s - 512. What is the hundreds digit of o?
1
Let o(s) be the third derivative of s**4/8 - 5*s**3 + 11*s**2. Let y be o(9). What is the tens digit of ((-12)/(-3))/(y/(-12))?
1
Let b be 4 + (0/(-3))/1. Suppose 4*s - 548 = -v, 29*s = 28*s + b. What is the tens digit of v?
3
Let v be 2 - -99 - (2 - -3). Let d = v - 48. What is the tens digit of d?
4
Suppose -5*k = -4*g - 121, -5*g = -5*k + 91 + 29. Let w = k - -246. What is the tens digit of w?
7
Let v(s) = s**3 + 6*s**2 - 8*s - 7. Let i be v(-7). Suppose 0 = 5*d + 546 - 1786. Suppose i = -j - 60 + d. What is the hundreds digit of j?
1
Suppose -5*i + 1885 + 8184 = -4*o, 0 = 4*i + o - 8072. What is the hundreds digit of i?
0
Suppose -5*h + 29 = -4*i - 21, 5*i = -2*h - 46. What is the hundreds digit of (-422)/i*5*(2 + -1)?
2
Let n(x) = -x - 1. Let y = 28 - 24. Let w be n(y). What is the units digit of 22 - ((-2 - (-2 + -1)) + w)?
6
Let j(f) = -1 - f - 15*f**2 + 0 + 28*f**2. Let p be j(-2). Let b = 12 + p. What is the units digit of b?
5
Let b(d) = -d**3 + 14*d**2 + d - 9. Let j be b(14). Suppose -216 = 3*t + j*n - 2194, 3*n - 1320 = -2*t. What is the hundreds digit of t?
6
Let p be (-2)/6 - (6 - (-464)/(-24)). Suppose 0 = o + p - 57. Let y = o + -43. What is the units digit of y?
1
Let a = 118170 - 62365. What is the units digit of a?
5
What is the hundreds digit of ((-5 - -10)/(-15))/(1/(-15495))?
1
Let m(c) = -2*c + 13. Let s be m(6). What is the units digit of (-5 + 6)*s + 49?
0
Let j(y) = -y**3 + 9*y**2 - 2*y + 21. Let v be j(9). Suppose -4*l = -4*z - 1720, v*l - 5*z = -l + 1721. Let c = l - 258. What is the hundreds digit of c?
1
Let t(q) = 217*q + 2642. What is the tens digit of t(140)?
2
Suppose -4*d = -f + 5178, -4*d - 14278 = -5*f + 11676. What is the tens digit of f?
9
Let s(r) = -61*r + 18. Suppose -3*j = 2*v + 16, v + 0*v - 1 = 0. Let w(t) = t + 1. Let d(n) = j*w(n) - s(n). What is the hundreds digit of d(4)?
1
Let q(u) = 1002*u**3 - u**2 + u. Let o be q(1). Suppose 3*c - 2*h = 1836, -h = 3*c + o - 2847. What is the uni